sor of 247971441 and 1817.
1817
What is the greatest common divisor of 952 and 12408368?
952
What is the greatest common factor of 2587710 and 4170?
30
Calculate the highest common factor of 2170541 and 59356.
1349
What is the highest common divisor of 683313 and 72369?
129
Calculate the greatest common divisor of 165153961 and 2254.
1127
What is the highest common divisor of 748 and 70707692?
748
What is the highest common factor of 10 and 32686805?
5
Calculate the greatest common divisor of 15718 and 102022.
58
What is the greatest common factor of 200 and 1849175?
25
Calculate the highest common factor of 55601634 and 5874.
66
Calculate the greatest common divisor of 1860 and 54757230.
30
Calculate the greatest common divisor of 12084568 and 152.
8
Calculate the highest common divisor of 67959 and 25786665.
7551
What is the highest common factor of 712583 and 481?
37
Calculate the highest common factor of 6 and 2547526.
2
Calculate the greatest common factor of 12834 and 455538.
138
What is the greatest common factor of 14876197 and 278?
139
What is the highest common factor of 1433781 and 1053?
81
What is the greatest common factor of 606848 and 201080?
88
What is the highest common divisor of 6979774 and 682?
62
Calculate the greatest common divisor of 34670262 and 72.
6
What is the highest common factor of 61299 and 5481?
63
Calculate the greatest common factor of 2403597 and 97121.
197
Calculate the highest common divisor of 4809303 and 1737.
9
What is the highest common factor of 2335168 and 1312?
32
What is the greatest common factor of 110 and 105993460?
10
What is the greatest common divisor of 2832 and 34009016?
472
Calculate the greatest common divisor of 16104 and 4427676.
132
Calculate the greatest common factor of 8670 and 17587095.
4335
Calculate the greatest common divisor of 51073820 and 143372.
1964
Calculate the highest common factor of 7619 and 1641262123.
7619
Calculate the greatest common factor of 273140 and 8700.
20
What is the highest common divisor of 260 and 6471705?
5
What is the highest common divisor of 4906 and 4296764?
446
What is the greatest common divisor of 20928459 and 6003?
2001
What is the greatest common factor of 1605 and 915465?
15
Calculate the greatest common factor of 528 and 19295760.
528
What is the greatest common factor of 1514385 and 32193?
657
What is the highest common factor of 2400 and 80267550?
150
What is the greatest common divisor of 66045 and 78330?
105
Calculate the highest common factor of 48048 and 45302712.
2184
Calculate the greatest common divisor of 4367449 and 329362.
1361
What is the greatest common factor of 182 and 1113613046?
182
Calculate the greatest common divisor of 143685399 and 66.
33
Calculate the greatest common factor of 76 and 26481402.
38
Calculate the greatest common factor of 3413873 and 249.
83
Calculate the highest common factor of 1033320 and 3538140.
6540
What is the greatest common factor of 33255957 and 735?
147
What is the greatest common divisor of 98 and 3125168158?
98
What is the highest common factor of 6193 and 1028489?
11
What is the highest common factor of 1057046 and 13452?
38
Calculate the greatest common factor of 11323998 and 75852.
882
What is the greatest common divisor of 75 and 45600225?
75
What is the highest common divisor of 1653012 and 148482?
1314
What is the greatest common factor of 140660 and 85894570?
5410
What is the highest common divisor of 9279414 and 1673?
239
Calculate the highest common divisor of 194116062 and 105.
21
What is the highest common factor of 1497 and 125367762?
1497
What is the highest common factor of 1334463 and 2184?
39
What is the greatest common divisor of 59874 and 215526?
102
What is the highest common divisor of 53077356 and 2268?
324
What is the greatest common factor of 603286892 and 1898?
1898
What is the highest common divisor of 34906 and 85126?
62
Calculate the greatest common divisor of 18044 and 41132.
52
What is the highest common factor of 2766393 and 10731?
147
What is the greatest common divisor of 187070958 and 68?
34
Calculate the greatest common divisor of 45 and 7962189.
3
Calculate the highest common divisor of 5512 and 591292.
52
What is the greatest common factor of 234205062 and 274?
274
Calculate the highest common factor of 41644096 and 624.
208
What is the greatest common factor of 1152 and 891984?
48
Calculate the highest common factor of 6237 and 109797930.
891
What is the greatest common factor of 771 and 26593075?
257
Calculate the highest common factor of 1001138 and 1363.
29
Calculate the greatest common divisor of 1833 and 5200.
13
What is the greatest common factor of 3116992 and 26668?
452
What is the highest common divisor of 3718217 and 141?
47
What is the highest common factor of 2540 and 10253345?
635
What is the greatest common divisor of 13639262 and 28?
14
Calculate the highest common divisor of 113698 and 404066.
26
Calculate the greatest common divisor of 49545 and 517725.
135
What is the highest common factor of 332876 and 4?
4
Calculate the highest common divisor of 128 and 80353472.
64
What is the highest common factor of 2586 and 3471274?
862
Calculate the greatest common divisor of 3432 and 1744223.
13
Calculate the highest common factor of 1125 and 42533415.
45
What is the greatest common factor of 59376 and 58992?
48
Calculate the greatest common factor of 47206653 and 117.
39
Calculate the highest common factor of 135698 and 3724.
38
Calculate the greatest common factor of 161 and 8257.
23
Calculate the highest common factor of 87531822 and 90.
18
Calculate the highest common divisor of 70125 and 10283625.
4125
Calculate the greatest common factor of 14453 and 4331579.
149
What is the greatest common factor of 1442 and 198351014?
206
Calculate the highest common divisor of 10 and 712640.
10
What is the greatest common divisor of 24 and 30372732?
12
Calculate the highest common divisor of 2 and 180274.
2
What is the greatest common divisor of 3856195 and 4165?
595
What is the highest common factor of 53120 and 436995?
415
What is the greatest common divisor of 8060570 and 945?
35
What is the highest common divisor of 19420315 and 5?
5
Calculate the greatest common divisor of 1340064 and 8712.
792
What is the greatest common divisor of 5037235 and 602?
301
What is the greatest common divisor of 3787113103 and 17?
17
What is the greatest common factor of 2785 and 6911813?
557
Calculate the highest common divisor of 73947 and 15072.
471
Calculate the highest common factor of 6734 and 1991717.
91
What is the greatest common factor of 3435 and 12119825?
1145
What is the greatest common divisor of 55595293 and 52?
13
Calculate the highest common factor of 3444150 and 20100.
150
What is the highest common factor of 197621468 and 44?
44
What is the greatest common divisor of 7291 and 7033279?
317
What is the greatest common factor of 132928 and 429939?
2077
Calculate the highest common divisor of 910032 and 1320.
24
What is the highest common factor of 13046 and 65978366?
1186
What is the highest common divisor of 1412575 and 100?
25
What is the greatest common divisor of 8119045 and 2475?
55
What is the greatest common factor of 96700 and 755780?
20
Calculate the greatest common divisor of 114248 and 16.
8
Calculate the greatest common divisor of 34443259 and 920.
23
Calculate the greatest common factor of 802784 and 3728.
16
Calculate the highest common factor of 495 and 6360.
15
Calculate the greatest common factor of 920060 and 13246.
358
Calculate the highest common divisor of 717 and 34538129.
239
Calculate the greatest common factor of 214073340 and 180.
60
What is the greatest common factor of 2838 and 501546?
6
What is the highest common divisor of 1024608 and 1068942?
4926
Calculate the greatest common factor of 130896 and 193213.
101
Calculate the greatest common divisor of 30565826 and 174.
58
Calculate the highest common factor of 758930312 and 56.
56
What is the greatest common divisor of 3173 and 216714?
19
What is the greatest common divisor of 15667270 and 1194?
398
Calculate the highest common factor of 920171 and 194999.
623
Calculate the highest common factor of 69 and 2025011379.
69
Calculate the highest common divisor of 324266485 an